et w(m) = 2*m**2 + 5*m + 15. Determine w(4).
67
Let o(z) = -z**3 - 13*z**2 - 4*z - 263. Determine o(-14).
-11
Let g(m) = m**2 - 28*m - 53. Give g(-2).
7
Let b(w) = 5*w - 308. Determine b(63).
7
Let k(w) = -w**2 - 38*w - 223. Calculate k(-28).
57
Let s(x) = -1209*x - 3569. What is s(-3)?
58
Let b(h) = -h**2 + 9*h + 1047. What is b(37)?
11
Let k(p) = -3*p**2 + 82*p - 866. Give k(17).
-339
Let q(v) = 2511*v + 15068. Determine q(-6).
2
Let t(s) = -33*s**2 - 165*s - 836. Calculate t(-5).
-836
Let q(p) = p**2 - 6*p - 34. Give q(14).
78
Let a(b) = -b**2 - 34*b + 1231. What is a(-56)?
-1
Let z(i) = 181*i - 18286. Calculate z(101).
-5
Let x(b) = -47*b**2 + 323*b + 20. Calculate x(7).
-22
Let i(j) = -78*j - 965. Give i(-10).
-185
Let g(l) = -l**3 - 90*l**2 - l + 599. Calculate g(-90).
689
Let r(a) = 6498*a + 51984. What is r(-8)?
0
Let f(a) = -a**2 - 70*a - 452. What is f(-65)?
-127
Let o(d) = -d**2 - d + 293. Determine o(19).
-87
Let w(g) = 50*g + 555. Give w(-10).
55
Let j(r) = -r**2 - 69*r - 566. What is j(-10)?
24
Let n(c) = -c**2 + 11*c + 126. Give n(15).
66
Let f(t) = 8*t + 4. What is f(-1)?
-4
Let o(i) = -i**2 + 321*i + 9396. Give o(-27).
0
Let r(f) = -2177*f - 2189. Calculate r(-1).
-12
Let l(n) = 1410*n - 14076. Calculate l(10).
24
Let m(j) = 10*j**2 - 93*j + 106. Give m(8).
2
Let t(r) = -r**3 - 4*r**2 - 9*r - 39. Calculate t(-4).
-3
Let c(x) = 158*x - 325. Determine c(2).
-9
Let p(m) = 101*m - 15357. Give p(152).
-5
Let d(h) = h**3 - 20*h**2 - 140*h - 84. Give d(-5).
-9
Let z(a) = -8*a**2 - 176*a + 1638. What is z(-29)?
14
Let v(x) = -x**2 + 43*x - 424. Give v(17).
18
Let a(d) = 2*d**2 + 113*d + 571. Determine a(-51).
10
Let b(g) = -857*g - 867. What is b(-1)?
-10
Let m(t) = -10*t - 183. Calculate m(-27).
87
Let q(n) = n**3 + 4*n**2 - 446*n - 898. Calculate q(-2).
2
Let u(c) = -3*c**2 - 27*c - 63. Determine u(-8).
-39
Let z(u) = -6*u + 85. What is z(3)?
67
Let k(i) = -2*i**2 - 4*i + 16. What is k(-7)?
-54
Let j(w) = 3*w**3 + 19*w**2 + 24*w - 8. What is j(-7)?
-274
Let s(t) = -t**3 + 11*t**2 + 15*t - 61. Calculate s(11).
104
Let n(d) = -614*d + 7352. What is n(12)?
-16
Let l(q) = 8*q**2 + 20*q - 200. Calculate l(-7).
52
Let q(j) = -j**3 - 27*j**2 + 282*j - 6. Determine q(8).
10
Let u(q) = -46*q**3 + 27*q**2 + 27*q + 1. Determine u(-1).
47
Let l(u) = u**3 + 94*u**2 - 92*u + 286. Calculate l(-95).
1
Let l(o) = o**2 + 61*o + 313. What is l(-55)?
-17
Let k(m) = 4*m - 93. Give k(-15).
-153
Let z(k) = 31*k**2 + 958*k - 2148. What is z(-33)?
-3
Let y(w) = w**3 + 4*w**2 - 14*w + 141. What is y(-8)?
-3
Let u(f) = f + 28. Determine u(-21).
7
Let x(c) = 4*c**2 - 237*c + 263. Give x(58).
-27
Let f(i) = i**3 - 82*i**2 - 160*i - 608. What is f(84)?
64
Let m(w) = 7*w**2 + 32*w + 77. Determine m(-3).
44
Let o(r) = -r**2 - 74*r + 52. What is o(-74)?
52
Let y(v) = -2*v**3 + 85*v**2 + 48*v - 224. Calculate y(43).
-9
Let d(v) = 15*v**3 - v**2 - 11*v + 21. Determine d(3).
384
Let h(l) = 31*l + 212. Give h(-5).
57
Let w(t) = -2*t**3 - 22*t**2 - 20*t + 22. Calculate w(-9).
-122
Let r(m) = m**2 - 22*m + 11. Give r(26).
115
Let x(u) = -u**2 + 160*u + 987. Give x(-6).
-9
Let p(w) = 503*w + 4025. What is p(-8)?
1
Let c(i) = -48*i**2 + 65*i - 1. Give c(1).
16
Let t(c) = -44*c + 761. Determine t(17).
13
Let t(m) = 5*m**2 + 6*m - 57. Give t(7).
230
Let u(z) = 2*z**3 - 15*z**2 - 11*z + 188. What is u(9)?
332
Let k(j) = j**3 + 3*j - 4. What is k(-4)?
-80
Let n(p) = p**3 + 156*p**2 + 446*p - 2000. Give n(-153).
-11
Let j(k) = -99*k**2 - 185*k - 17. Calculate j(-2).
-43
Let v(x) = -23*x**2 - 527*x + 53. What is v(-23)?
7
Let k(s) = 4*s**2 + 5*s - 10. Calculate k(5).
115
Let m(d) = -d**3 - 109*d**2 - 213*d - 1. Calculate m(-2).
-3
Let j(o) = -o**2 + 26*o - 151. Give j(14).
17
Let v(t) = -t**3 + 12*t**2 + 226*t - 2141. Calculate v(9).
136
Let b(p) = -p**3 - 10*p**2 - 14*p + 20. What is b(-4)?
-20
Let d(j) = -j**3 - 2*j**2 + 48*j + 10. Calculate d(-8).
10
Let a(n) = 4*n**2 - 37*n - 361. Give a(-9).
296
Let w(u) = 5*u**2 - 64*u + 169. Calculate w(9).
-2
Let n(c) = -c**3 + 3*c**2 + 12*c + 10. Give n(5).
20
Let x(v) = v**3 + 310*v**2 - 9830*v + 21. Determine x(29).
50
Let j(a) = 2*a**3 + 54*a**2 + 255*a + 22. Determine j(-6).
4
Let w(t) = -67*t - 271. Calculate w(-4).
-3
Let u(h) = 16*h - 74. Give u(17).
198
Let o(a) = 6*a**2 + 293*a - 42. What is o(-49)?
7
Let v(d) = -65*d + 204. Give v(5).
-121
Let n(o) = -o**3 - 53*o**2 - 599*o + 473. Determine n(-36).
5
Let x(b) = 808*b - 16959. What is x(21)?
9
Let n(y) = -277*y - 597. Determine n(-2).
-43
Let r(t) = 11*t**2 - 2*t + 9. What is r(4)?
177
Let l(i) = -10*i**2 + 801*i - 79. Give l(80).
1
Let g(x) = -x**2 + 1592*x + 30645. Determine g(-19).
36
Let o(z) = -z**2 - 215*z - 4255. What is o(-22)?
-9
Let o(z) = 2*z**3 + 2*z**2 - 7*z - 14. Determine o(-3).
-29
Let s(y) = y**3 - 7*y**2 - y - 22. Calculate s(-4).
-194
Let f(j) = -j**3 + 138*j**2 + 143*j - 554. Give f(139).
2
Let h(n) = 3*n**2 + 30*n - 58. What is h(-10)?
-58
Let c(b) = b**3 - 14*b**2 - 11*b - 34. Determine c(15).
26
Let d(j) = -j**3 + 4*j**2 + 6*j - 41. Determine d(4).
-17
Let d(g) = -19*g + 97. Determine d(16).
-207
Let f(t) = -53*t + 2900. Give f(48).
356
Let g(x) = x**3 + 90*x**2 + 75*x - 1242. Calculate g(-89).
4
Let z(b) = -5*b - 5. What is z(-9)?
40
Let d(z) = 145*z**2 - 255*z - 248. What is d(-1)?
152
Let i(s) = s**3 + 17*s**2 + 7*s + 44. What is i(-15)?
389
Let c(y) = y**3 - 22*y**2 + 36*y + 192. What is c(19)?
-207
Let b(a) = 2*a**3 - 16*a**2 + 29*a + 12. Calculate b(5).
7
Let q(f) = 3*f**2 + 840*f + 4929. Calculate q(-6).
-3
Let r(i) = i**2 + 32*i + 179. Determine r(-21).
-52
Let p(v) = 85*v**2 - 103*v - 2. Determine p(1).
-20
Let c(n) = -n - 10. Calculate c(-21).
11
Let i(t) = -213*t - 2. What is i(1)?
-215
Let o(c) = -31*c**2 - 319*c + 11. What is o(-10)?
101
Let o(s) = -32*s**2 - 30*s - 83. Give o(-4).
-475
Let q(v) = -v**2 - 28*v - 57. What is q(-17)?
130
Let w(g) = g**3 - 150*g**2 - 453*g - 914. Determine w(153).
4
Let k(p) = -8*p**2 - 748*p - 382. Determine k(-93).
-10
Let s(z) = -z**3 + 18*z**2 - 2*z + 426. What is s(19)?
27
Let r(d) = d**3 - 25*d**2 - 3*d + 52. Give r(25).
-23
Let v(m) = -6497*m + 32468. Determine v(5).
-17
Let y(d) = d**3 + 24*d**2 - 6*d + 270. Calculate y(-24).
414
Let a(h) = 561*h + 3923. Calculate a(-7).
-4
Let z(d) = d**3 + 10*d**2 - 404*d - 2. Calculate z(16).
190
Let c(l) = -7*l**3 - 40*l**2 + 8*l - 3. Calculate c(-7).
382
Let v(s) = 45*s + 571. Calculate v(-15).
-104
Let k(d) = -16*d**2 + 20*d + 349. Give k(-4).
13
Let i(z) = -z**2 + 467*z + 2369. Determine i(-5).
9
Let f(p) = p**2 + 125*p + 497. Determine f(-4).
13
Let m(y) = 333*y + 670. Give m(-2).
4
Let x(w) = -w**3 - 1348*w**2 - 5380*w - 5. Calculate x(-4).
11
Let x(t) = 4*t**3 - 19*t**2 + 7*t - 29. What is x(5)?
31
Let m(x) = x**2 + 18*x + 103. Calculate m(-12).
31
Let u(g) = -g**2 - 18*g + 69. Give u(-20).
29
Let f(p) = 8*p**2 + 319*p - 1564. Calculate f(5).
231
Let f(c) = -750*c + 1476. Calculate f(2).
-24
Let o(t) = 5*t**3 - 2*t**2 + 5*t - 3. Determine o(1).
5
Let h(s) = -s**3 - 23*s**2 - 21*s + 19. Give h(-22).
-3
Let g(p) = p**2 + 23*p - 157. Calculate g(-29).
17
Let c(i) = -2*i**2 + 54*i + 51. Give c(-1).
-5
Let u(h) = h**2 + 86*h - 11. Calculate u(-86).
-11
Let h(m) = -3*m**2 + 147*m - 178. Give h(48).
-34
Let c(o) = -3*o**3 + 142*o**2 - 180*o - 189. Calculate c(46).
-5
Let c(j) = 2*j**2 + 26*j + 191. Give c(-9).
119
Let x(g) = g**3 + 30*g**2 - 86*g - 707. Calculate x(-32).
-3
Let s(j) = -5*j**2 + 58*j + 576. Calculate s(18).
0
Let g(i) = i**2 - 405*i - 17808. Give g(-40).
-8
Let a(m) = 67*m - 9419. What is a(141)?
28
Let i(c) = 3*c**2 + 81*c - 4. Give i(-27).
-4
Let p(f) = 3*f**2 - 29*f - 151. Calculate p(-8).
273
Let f(s) = 71*s - 785. Give f(11).
-4
Let y(k) = 8*k**2 + 39*k + 2. Give y(-5).
7
Let m(a) = -2*a**3 - 3*a**2 - 8*a - 3. Give m(-4).
109
Let y(v) = -31*v - 1131. Calculate y(-27).
-294
Let f(y) = y**2 - 250*y + 11261. Determine f(59).
-8
Let q(z) = -182*z - 19. Determine q(-2).
345
Let w(i) = -1011*i + 123348. Give w(122).
6
Let v(u) = 76*u - 593. What is v(9)?
91
Let w(g) = 47*g**2 + 9*g - 1. Calculate w(-1).
37
Let g(w) = w**3 - 29*w**2 - 2*w - 864. What is g(30)?
-24
Let m(o) = -4*o**2 + 213*o - 1841. Determine m(42).
49
Let j(q) = 773*q - 2322. Determ